t common divisor of 60 and 30780?
60
What is the greatest common factor of 34 and 3842?
34
Calculate the greatest common divisor of 81 and 54.
27
What is the greatest common factor of 10 and 16850?
10
What is the greatest common factor of 16261 and 322?
161
Calculate the greatest common factor of 92 and 667.
23
Calculate the greatest common divisor of 2652 and 96.
12
Calculate the greatest common factor of 621 and 432.
27
What is the highest common factor of 483 and 231?
21
Calculate the greatest common divisor of 3045 and 168.
21
What is the highest common divisor of 62 and 899?
31
Calculate the highest common factor of 5 and 46.
1
What is the highest common factor of 5580 and 160?
20
Calculate the highest common divisor of 84 and 564.
12
Calculate the greatest common divisor of 616 and 88.
88
Calculate the highest common factor of 6392 and 94.
94
Calculate the greatest common divisor of 126 and 234.
18
Calculate the greatest common factor of 126 and 846.
18
Calculate the greatest common factor of 5100 and 6.
6
Calculate the highest common factor of 550 and 700.
50
What is the highest common divisor of 42 and 4?
2
Calculate the highest common divisor of 21 and 77.
7
What is the highest common divisor of 1539 and 162?
81
What is the greatest common divisor of 83 and 4067?
83
Calculate the greatest common divisor of 13784 and 8.
8
Calculate the highest common factor of 224 and 7.
7
Calculate the greatest common divisor of 660 and 20.
20
Calculate the highest common divisor of 22 and 176.
22
What is the highest common factor of 31 and 5983?
31
What is the highest common divisor of 7 and 1211?
7
What is the greatest common factor of 4 and 268?
4
Calculate the highest common divisor of 4956 and 84.
84
Calculate the greatest common factor of 2288 and 8.
8
Calculate the greatest common divisor of 882 and 196.
98
What is the greatest common divisor of 37 and 14985?
37
Calculate the highest common factor of 80 and 6480.
80
Calculate the highest common divisor of 10 and 270.
10
What is the highest common divisor of 6919 and 22?
11
What is the highest common factor of 460 and 4?
4
What is the highest common divisor of 11 and 15?
1
Calculate the highest common factor of 1786 and 282.
94
Calculate the highest common factor of 38 and 57.
19
What is the greatest common factor of 21 and 2401?
7
Calculate the greatest common divisor of 675 and 1665.
45
What is the highest common divisor of 14 and 18?
2
What is the greatest common factor of 5558 and 28?
14
What is the highest common factor of 112 and 168?
56
What is the highest common factor of 1377 and 187?
17
Calculate the greatest common divisor of 600 and 888.
24
Calculate the greatest common factor of 176 and 990.
22
What is the greatest common factor of 99 and 1529?
11
Calculate the highest common divisor of 476 and 1632.
68
Calculate the highest common divisor of 54 and 180.
18
What is the greatest common factor of 4354 and 14?
14
Calculate the highest common factor of 65 and 2665.
65
Calculate the highest common factor of 435 and 1595.
145
What is the highest common divisor of 1180 and 118?
118
What is the highest common divisor of 206 and 3193?
103
What is the greatest common factor of 14808 and 72?
24
What is the greatest common factor of 78331 and 11?
11
What is the highest common divisor of 176 and 46112?
176
Calculate the highest common factor of 1 and 13.
1
Calculate the greatest common factor of 960 and 100.
20
What is the greatest common divisor of 246 and 164?
82
Calculate the greatest common divisor of 1332 and 27.
9
What is the highest common divisor of 31 and 22537?
31
What is the highest common factor of 110 and 265?
5
What is the greatest common factor of 11 and 19151?
11
Calculate the greatest common factor of 1386 and 2178.
198
Calculate the highest common divisor of 279 and 465.
93
Calculate the highest common divisor of 357 and 51.
51
Calculate the greatest common factor of 45 and 1101.
3
Calculate the highest common factor of 200 and 1370.
10
Calculate the highest common divisor of 2530 and 138.
46
What is the greatest common factor of 133 and 76?
19
What is the greatest common factor of 27 and 2763?
9
Calculate the highest common divisor of 477 and 45.
9
What is the highest common factor of 188 and 423?
47
Calculate the highest common factor of 16 and 872.
8
Calculate the highest common divisor of 10 and 145.
5
Calculate the highest common divisor of 56 and 5.
1
What is the greatest common divisor of 896 and 32?
32
Calculate the greatest common divisor of 715 and 1235.
65
What is the greatest common divisor of 108 and 2364?
12
Calculate the greatest common factor of 27 and 1323.
27
What is the highest common factor of 12 and 21?
3
What is the highest common factor of 384 and 24?
24
Calculate the greatest common factor of 79066 and 26.
26
Calculate the greatest common divisor of 809 and 1.
1
Calculate the greatest common factor of 35 and 15.
5
What is the greatest common divisor of 182 and 13559?
91
What is the highest common factor of 91 and 7?
7
Calculate the greatest common divisor of 350 and 9950.
50
What is the greatest common factor of 16 and 52?
4
What is the greatest common divisor of 920 and 250?
10
Calculate the greatest common divisor of 10 and 250.
10
Calculate the highest common factor of 3 and 2316.
3
What is the highest common divisor of 869 and 79?
79
Calculate the greatest common factor of 62 and 62.
62
What is the greatest common factor of 12 and 6348?
12
What is the greatest common divisor of 311 and 3?
1
What is the highest common factor of 12 and 13200?
12
What is the greatest common factor of 341 and 155?
31
What is the greatest common factor of 1800 and 525?
75
Calculate the greatest common divisor of 846 and 63.
9
What is the greatest common factor of 1376 and 430?
86
Calculate the greatest common factor of 36 and 3492.
36
What is the greatest common divisor of 1225 and 25?
25
Calculate the highest common divisor of 20 and 3005.
5
Calculate the greatest common factor of 3008 and 192.
64
What is the greatest common factor of 153 and 34?
17
What is the highest common factor of 1 and 353?
1
Calculate the greatest common factor of 99 and 44.
11
Calculate the highest common divisor of 66 and 13002.
66
What is the greatest common divisor of 143 and 988?
13
What is the greatest common divisor of 31310 and 62?
62
Calculate the greatest common factor of 10 and 12.
2
What is the highest common divisor of 80 and 260?
20
Calculate the greatest common divisor of 57 and 741.
57
What is the greatest common divisor of 6 and 222?
6
What is the highest common factor of 18 and 981?
9
Calculate the greatest common factor of 18 and 21.
3
Calculate the highest common divisor of 174 and 319.
29
Calculate the greatest common factor of 8 and 712.
8
Calculate the highest common factor of 13944 and 168.
168
What is the highest common divisor of 48 and 7824?
48
Calculate the highest common divisor of 310 and 496.
62
Calculate the highest common divisor of 21 and 203.
7
Calculate the greatest common factor of 48 and 5536.
16
What is the greatest common divisor of 20 and 12?
4
Calculate the highest common factor of 81 and 252.
9
What is the greatest common factor of 36581 and 699?
233
Calculate the greatest common factor of 42 and 126.
42
What is the highest common factor of 940 and 20?
20
Calculate the highest common factor of 25 and 1.
1
What is the greatest common divisor of 286 and 1664?
26
What is the greatest common divisor of 73 and 803?
73
Calculate the highest common factor of 30 and 7550.
10
What is the greatest common factor of 1582 and 7?
7
What is the highest common factor of 10961 and 113?
113
Calculate the highest common divisor of 44112 and 96.
48
What is the highest common factor of 100 and 80?
20
What is the highest common divisor of 36 and 9?
9
Calculate the highest common factor of 13546 and 39.
13
What is the greatest common divisor of 956 and 88?
4
What is the greatest common divisor of 56 and 490?
14
Calculate the highest common factor of 23407 and 178.
89
What is the greatest common divisor of 32 and 48?
16
Calculate the highest common factor of 260 and 80.
20
Calculate the greatest common factor of 882 and 234.
18
Calculate the greatest common factor of 2 and 